at is the thousands digit of 547576?
7
What is the tens digit of 1718392?
9
What is the hundreds digit of 27935265?
2
What is the thousands digit of 290293?
0
What is the thousands digit of 112320?
2
What is the tens digit of 9497063?
6
What is the units digit of 562083?
3
What is the ten thousands digit of 125347?
2
What is the hundred thousands digit of 1082478?
0
What is the hundred thousands digit of 2445642?
4
What is the millions digit of 6728830?
6
What is the hundred thousands digit of 136974?
1
What is the hundred thousands digit of 216386?
2
What is the hundreds digit of 2958117?
1
What is the ten thousands digit of 13883129?
8
What is the thousands digit of 2244301?
4
What is the millions digit of 5668082?
5
What is the units digit of 241962?
2
What is the hundreds digit of 784167?
1
What is the hundreds digit of 28459743?
7
What is the hundred thousands digit of 22936983?
9
What is the ten thousands digit of 84560?
8
What is the hundreds digit of 308277?
2
What is the ten thousands digit of 1046860?
4
What is the tens digit of 6102676?
7
What is the units digit of 342317?
7
What is the ten thousands digit of 255324?
5
What is the tens digit of 44088?
8
What is the ten thousands digit of 20494403?
9
What is the hundred thousands digit of 235566?
2
What is the millions digit of 1698305?
1
What is the ten thousands digit of 119568?
1
What is the thousands digit of 52463?
2
What is the thousands digit of 209780?
9
What is the millions digit of 12779058?
2
What is the ten thousands digit of 1468827?
6
What is the hundred thousands digit of 4684259?
6
What is the thousands digit of 8261791?
1
What is the hundred thousands digit of 278345?
2
What is the units digit of 1357569?
9
What is the tens digit of 3232121?
2
What is the thousands digit of 13942293?
2
What is the tens digit of 18062155?
5
What is the hundred thousands digit of 210137?
2
What is the ten thousands digit of 301473?
0
What is the hundreds digit of 173006?
0
What is the tens digit of 14876421?
2
What is the tens digit of 12865896?
9
What is the units digit of 742422?
2
What is the hundred thousands digit of 10928499?
9
What is the hundreds digit of 3686595?
5
What is the thousands digit of 3333638?
3
What is the thousands digit of 27270888?
0
What is the hundred thousands digit of 194883?
1
What is the ten thousands digit of 289212?
8
What is the hundreds digit of 1196061?
0
What is the ten millions digit of 27388746?
2
What is the millions digit of 5408605?
5
What is the thousands digit of 1540461?
0
What is the hundred thousands digit of 220143?
2
What is the units digit of 976767?
7
What is the units digit of 331585?
5
What is the thousands digit of 14966?
4
What is the units digit of 2089346?
6
What is the hundred thousands digit of 388471?
3
What is the thousands digit of 29798862?
8
What is the ten thousands digit of 72714?
7
What is the ten thousands digit of 13634?
1
What is the tens digit of 5897425?
2
What is the thousands digit of 190353?
0
What is the ten thousands digit of 147855?
4
What is the hundreds digit of 1049041?
0
What is the thousands digit of 1302597?
2
What is the hundreds digit of 1112086?
0
What is the ten thousands digit of 1607958?
0
What is the units digit of 3023314?
4
What is the thousands digit of 393153?
3
What is the hundred thousands digit of 3047501?
0
What is the thousands digit of 2609271?
9
What is the ten thousands digit of 4999567?
9
What is the hundreds digit of 17924?
9
What is the hundreds digit of 1793441?
4
What is the ten thousands digit of 196862?
9
What is the millions digit of 11243502?
1
What is the ten thousands digit of 223357?
2
What is the hundred thousands digit of 314123?
3
What is the units digit of 6470?
0
What is the hundred thousands digit of 214484?
2
What is the hundred thousands digit of 3659046?
6
What is the thousands digit of 97610?
7
What is the hundreds digit of 286149?
1
What is the hundreds digit of 95267?
2
What is the units digit of 2902857?
7
What is the hundred thousands digit of 350873?
3
What is the thousands digit of 2540859?
0
What is the hundreds digit of 4673821?
8
What is the ten thousands digit of 283084?
8
What is the tens digit of 10726413?
1
What is the units digit of 15785770?
0
What is the ten thousands digit of 1414981?
1
What is the ten thousands digit of 153220?
5
What is the ten thousands digit of 8218316?
1
What is the hundreds digit of 845244?
2
What is the tens digit of 187639?
3
What is the hundreds digit of 133648?
6
What is the hundred thousands digit of 10397136?
3
What is the tens digit of 826450?
5
What is the hundred thousands digit of 248755?
2
What is the units digit of 1219104?
4
What is the tens digit of 98347?
4
What is the millions digit of 2231678?
2
What is the thousands digit of 10477705?
7
What is the units digit of 219604?
4
What is the hundreds digit of 527803?
8
What is the units digit of 850935?
5
What is the ten thousands digit of 39599908?
9
What is the hundreds digit of 862821?
8
What is the tens digit of 19489946?
4
What is the units digit of 141168?
8
What is the thousands digit of 8609970?
9
What is the tens digit of 179640?
4
What is the ten thousands digit of 8447731?
4
What is the thousands digit of 226676?
6
What is the hundred thousands digit of 379749?
3
What is the tens digit of 17932669?
6
What is the hundreds digit of 18976308?
3
What is the units digit of 304082?
2
What is the hundreds digit of 218346?
3
What is the ten thousands digit of 1239175?
3
What is the ten thousands digit of 1686980?
8
What is the millions digit of 11740758?
1
What is the hundreds digit of 10203353?
3
What is the units digit of 6985368?
8
What is the ten thousands digit of 5592328?
9
What is the units digit of 1634085?
5
What is the millions digit of 1620348?
1
What is the units digit of 3215717?
7
What is the hundreds digit of 762048?
0
What is the hundred thousands digit of 2818567?
8
What is the hundreds digit of 3489524?
5
What is the hundreds digit of 18511999?
9
What is the thousands digit of 2300378?
0
What is the thousands digit of 294587?
4
What is the tens digit of 27387984?
8
What is the units digit of 241369?
9
What is the tens digit of 3205692?
9
What is the thousands digit of 18679213?
9
What is the hundreds digit of 3655?
6
What is the millions digit of 1884896?
1
What is the hundreds digit of 233964?
9
What is the ten thousands digit of 103877?
0
What is the tens digit of 9248?
4
What is the ten thousands digit of 4868014?
6
What is the thousands digit of 2017610?
7
What is the hundred thousands digit of 344915?
3
What is the ten thousands digit of 1012371?
1
What is the units digit of 1189498?
8
What is the ten thousands digit of 19597268?
9
What is the hundreds digit of 214764?
7
What is the hundred thousands digit of 268167?
2
What is the hundreds digit of 28228?
2
What is the hundred thousands digit of 1598013?
5
What is the ten millions digit of 13518337?
1
What is the hundred thousands digit of 298819?
2
What is the hundred thousands digit of 4865781?
8
What is the hundreds digit of 1676075?
0
What is the hundreds digit of 371500?
5
What is the hundreds digit of 894272?
2
What is the ten thousands digit of 609955?
0
What is the ten thousands digit of 99920?
9
What is the units digit of 2651783?
3
What is the units digit of 17145277?
7
What is the hundred thousands digit of 808189?
8
What is the units digit of 6763431?
1
What is the ten millions digit of 33170005?
3
What is the hundreds digit of 12481684?
6
What is the hundreds digit of 9463852?
8
What is the thousands digit of 353261?
3
What is the millions digit of 2309304?
2
What is the hundred thousands digit of 671358?
6
What is the hundred thousands digit of 2001050?
0
What is the thousands digit of 12399016?
9
What is the units digit of 474082?
2
What is the ten thousands digit of 376311?
7
What is the tens digit of 650401?
0
What is the thousands digit of 98852?
8
What is the units digit of 1079274?
4
What is the hundred thousands digit of 2867998?
8
What is the ten thousands digit of 4069398?
6
What is the units digit of 804070?
0
What is the tens digit of 10726?
2
What is the hundred thousands digit of 750091?
7
What is the ten thousands digit of 102063?
0
What is the ten thousan